vided by 689.
15
What is the remainder when 3406 is divided by 3?
1
Calculate the remainder when 415 is divided by 39.
25
What is the remainder when 1171 is divided by 28?
23
What is the remainder when 120 is divided by 31?
27
What is the remainder when 137 is divided by 45?
2
What is the remainder when 94 is divided by 16?
14
What is the remainder when 1852 is divided by 39?
19
Calculate the remainder when 7240 is divided by 1033.
9
Calculate the remainder when 542 is divided by 32.
30
What is the remainder when 549 is divided by 29?
27
What is the remainder when 1388 is divided by 13?
10
Calculate the remainder when 592 is divided by 85.
82
Calculate the remainder when 484 is divided by 29.
20
What is the remainder when 265 is divided by 45?
40
What is the remainder when 647 is divided by 72?
71
What is the remainder when 1529 is divided by 219?
215
Calculate the remainder when 6917 is divided by 187.
185
What is the remainder when 275 is divided by 71?
62
Calculate the remainder when 34 is divided by 26.
8
Calculate the remainder when 445 is divided by 143.
16
Calculate the remainder when 405 is divided by 112.
69
Calculate the remainder when 5609 is divided by 102.
101
What is the remainder when 568 is divided by 23?
16
What is the remainder when 178 is divided by 91?
87
Calculate the remainder when 82 is divided by 33.
16
What is the remainder when 29 is divided by 7?
1
What is the remainder when 2326 is divided by 13?
12
Calculate the remainder when 755 is divided by 662.
93
What is the remainder when 103 is divided by 28?
19
Calculate the remainder when 5038 is divided by 60.
58
Calculate the remainder when 59 is divided by 24.
11
What is the remainder when 185 is divided by 38?
33
What is the remainder when 737 is divided by 37?
34
What is the remainder when 247 is divided by 47?
12
What is the remainder when 118 is divided by 41?
36
Calculate the remainder when 218 is divided by 73.
72
What is the remainder when 351 is divided by 65?
26
What is the remainder when 1179 is divided by 228?
39
Calculate the remainder when 210 is divided by 53.
51
What is the remainder when 117 is divided by 10?
7
Calculate the remainder when 109 is divided by 28.
25
What is the remainder when 197 is divided by 78?
41
Calculate the remainder when 177 is divided by 23.
16
What is the remainder when 5718 is divided by 130?
128
Calculate the remainder when 250 is divided by 16.
10
Calculate the remainder when 7391 is divided by 88.
87
Calculate the remainder when 1704 is divided by 237.
45
Calculate the remainder when 410 is divided by 132.
14
What is the remainder when 1000 is divided by 24?
16
What is the remainder when 837 is divided by 15?
12
What is the remainder when 647 is divided by 619?
28
What is the remainder when 485 is divided by 26?
17
What is the remainder when 126 is divided by 30?
6
Calculate the remainder when 1234 is divided by 30.
4
What is the remainder when 309 is divided by 10?
9
Calculate the remainder when 816 is divided by 209.
189
What is the remainder when 3565 is divided by 3552?
13
What is the remainder when 33 is divided by 13?
7
What is the remainder when 527 is divided by 84?
23
Calculate the remainder when 2561 is divided by 135.
131
Calculate the remainder when 202 is divided by 29.
28
Calculate the remainder when 1687 is divided by 105.
7
What is the remainder when 3324 is divided by 52?
48
Calculate the remainder when 110 is divided by 9.
2
What is the remainder when 1728 is divided by 5?
3
Calculate the remainder when 2537 is divided by 47.
46
What is the remainder when 10917 is divided by 40?
37
Calculate the remainder when 147 is divided by 42.
21
Calculate the remainder when 685 is divided by 50.
35
What is the remainder when 28 is divided by 17?
11
What is the remainder when 197 is divided by 12?
5
Calculate the remainder when 751 is divided by 149.
6
What is the remainder when 18897 is divided by 180?
177
Calculate the remainder when 172 is divided by 71.
30
Calculate the remainder when 148 is divided by 17.
12
What is the remainder when 2252 is divided by 17?
8
Calculate the remainder when 131 is divided by 45.
41
What is the remainder when 861 is divided by 125?
111
What is the remainder when 3763 is divided by 117?
19
What is the remainder when 2900 is divided by 182?
170
What is the remainder when 1218 is divided by 23?
22
Calculate the remainder when 629 is divided by 14.
13
Calculate the remainder when 3884 is divided by 10.
4
What is the remainder when 166 is divided by 9?
4
Calculate the remainder when 1083 is divided by 539.
5
Calculate the remainder when 2247 is divided by 125.
122
Calculate the remainder when 241 is divided by 4.
1
What is the remainder when 105 is divided by 26?
1
Calculate the remainder when 818 is divided by 115.
13
What is the remainder when 1389 is divided by 16?
13
Calculate the remainder when 670 is divided by 75.
70
What is the remainder when 420 is divided by 113?
81
What is the remainder when 759 is divided by 20?
19
Calculate the remainder when 30958 is divided by 80.
78
What is the remainder when 380 is divided by 77?
72
Calculate the remainder when 80 is divided by 70.
10
Calculate the remainder when 186 is divided by 14.
4
Calculate the remainder when 1242 is divided by 35.
17
Calculate the remainder when 127 is divided by 47.
33
What is the remainder when 133 is divided by 45?
43
What is the remainder when 205 is divided by 57?
34
Calculate the remainder when 839 is divided by 277.
8
Calculate the remainder when 3466 is divided by 5.
1
What is the remainder when 127 is divided by 18?
1
What is the remainder when 85 is divided by 35?
15
What is the remainder when 319 is divided by 10?
9
What is the remainder when 786 is divided by 211?
153
Calculate the remainder when 302 is divided by 36.
14
What is the remainder when 57 is divided by 37?
20
Calculate the remainder when 177 is divided by 12.
9
What is the remainder when 38 is divided by 17?
4
Calculate the remainder when 114 is divided by 36.
6
Calculate the remainder when 3356 is divided by 50.
6
What is the remainder when 1293 is divided by 72?
69
Calculate the remainder when 445 is divided by 14.
11
What is the remainder when 64 is divided by 46?
18
Calculate the remainder when 25 is divided by 15.
10
Calculate the remainder when 148 is divided by 40.
28
Calculate the remainder when 54 is divided by 13.
2
Calculate the remainder when 66 is divided by 6.
0
Calculate the remainder when 183 is divided by 27.
21
Calculate the remainder when 14104 is divided by 35.
34
Calculate the remainder when 278 is divided by 75.
53
Calculate the remainder when 9 is divided by 6.
3
Calculate the remainder when 109 is divided by 13.
5
What is the remainder when 528 is divided by 132?
0
Calculate the remainder when 374 is divided by 48.
38
What is the remainder when 469 is divided by 94?
93
What is the remainder when 171 is divided by 48?
27
What is the remainder when 129 is divided by 27?
21
What is the remainder when 228 is divided by 39?
33
What is the remainder when 199 is divided by 17?
12
What is the remainder when 14702 is divided by 2939?
7
What is the remainder when 142 is divided by 9?
7
What is the remainder when 2726 is divided by 21?
17
Calculate the remainder when 880 is divided by 111.
103
Calculate the remainder when 78 is divided by 64.
14
What is the remainder when 125 is divided by 66?
59
What is the remainder when 956 is divided by 267?
155
Calculate the remainder when 8766 is divided by 15.
6
Calculate the remainder when 593 is divided by 266.
61
Calculate the remainder when 259 is divided by 135.
124
What is the remainder when 42 is divided by 29?
13
Calculate the remainder when 330 is divided by 111.
108
Calculate the remainder when 1658 is divided by 166.
164
What is the remainder when 602 is divided by 154?
140
What is the remainder when 8085 is divided by 9?
3
What is the remainder when 571 is divided by 193?
185
What is the remainder when 45 is divided by 28?
17
Calculate the remainder when 394 is divided by 127.
13
What is the remainder when 29 is divided by 21?
8
Calculate the remainder when 8059 is divided by 8054.
5
Calculate the remainder when 814 is divided by 83.
67
What is the remainder when 412 is di